) + 47 + -23.
31
What is (7 + -1 - -3) + -6 - (21 - 25) - -46?
53
What is the value of 30 + (10 - 96) - -24?
-32
What is -3 + (58 - 14) + 2 + 16?
59
38 + -172 - 1 - -62
-73
-9 + (-6 - (18 + -88 + (-4 - (-1 - 3))))
55
Calculate 4 + 60 + -140 + 57.
-19
What is 0 + 49 - (177 + 41 + -196)?
27
Evaluate -7 + (17 - 8 - (39 + 3) - -10 - 10).
-40
What is 2 + -3 - -7 - (94 - (-5 + 109))?
16
What is the value of 2 + 14 + (4 + 4 + -13 - 0)?
11
What is 43 - (16 + -11 - (-4 - (-17 + 9)))?
42
Evaluate -13 + (39 - 20) - -23.
29
Evaluate (589 - 604) + 21 + 1 - -83.
90
What is the value of -2933 + 2954 - (-5 - -2)?
24
What is the value of (-796 - -831) + (-6 - -7) + 31?
67
What is -18 + 20 + 1 + -429 + 376 - (1 - -2)?
-53
Evaluate -12 + -3 + (10 - (-4 + -3 - -4)).
-2
What is the value of 21 + 269 + -261 + (2 - 44)?
-13
What is the value of -49 - -19 - (23 + -155 + 19)?
83
-11 + (5 + -45 - (268 + -340))
21
Calculate -10 + 71 + -10 + 2 + 6 + -2 + 10.
67
What is -3 + (-5 - (-14 + 23 + -18)) + 0 + 53?
54
(-20 - (2 - 19)) + 131 - -8 - (12 - 1)
125
What is the value of 9 - 1 - (-208 - -289 - (18 - (1 + 0)))?
-56
Calculate (-5 - ((2 - (-10 + 11 - -6)) + -9)) + 100.
109
Evaluate -51 - (-6 + -1 - -21 - (6 - -3 - -19)).
-37
Calculate 13 - (12 - (-36 + 17)).
-18
3 - (220 - 135 - (2 + 6))
-74
Calculate -19 + (-3 - 150) + 105.
-67
What is the value of -41 - 8 - (260 - 355)?
46
Calculate 34 - (47 + -56 - -34).
9
Calculate 47 - ((-25 - -5) + (28 - 11)).
50
Evaluate 17 - (1 - 1) - (-49 + (-77 - -73)).
70
What is -14 + (-2 + 4 + 23 + -7 - -12)?
16
21 + (25 - (6 - -13)) + (4 - 1)
30
What is the value of (38 - -1) + (-39 - -49)?
49
-23 - (-112 + -69) - 75
83
Evaluate (-6 - -7) + -8 + 15 + 0 + 37.
45
What is the value of (-13 - -23) + 19 - (-85 + 45)?
69
Evaluate -39 - (8 + -19) - -66.
38
13 - (-57 + 108 + -14)
-24
Calculate 52 + (-9 - 8) + -13.
22
What is -12 - (25 + (-2 - 21) - -19)?
-33
What is the value of 121 - ((1085 - 1082) + (-1 - -4 - (0 + 0)))?
115
Evaluate -5 - (-4 + 0) - (9 + 9 + -9) - 8.
-18
Calculate 7 + (4 - (3 - -2)) + (302 - 320).
-12
What is the value of 2418 + -2435 - (2 + 1 + 0 + -12)?
-8
Calculate -70 + 0 - (-588 + 585).
-67
What is the value of 155 - -4 - (-2230 + 2307)?
82
What is the value of (0 - 1) + (0 - 48 - (-19 - -47)) + -22?
-99
(-39 - (-60 - (7 - 24) - -18)) + 1 + 68
55
Evaluate 63 + -10 + -100 + 80.
33
(3932 - 3938) + (2 - -16 - -2) - (1 - -100)
-87
Evaluate (-3 - -63) + -71 - (22 + -1).
-32
Calculate (3 + -6 + -8 - -31) + 5 + -3.
22
What is the value of -55 + 32 + (-32 - -18)?
-37
What is the value of (1578 - 1522) + (-60 - 1)?
-5
-148877 + 148842 - (-1 + (-69 - -1))
34
Calculate (1107 - 1089) + (-2 - 1) + -58.
-43
Evaluate 47 - (49 + 2 - 3).
-1
What is 10 - 20 - -5 - (37 + 6 + -4)?
-44
Calculate (6 - (-15 + 1 + (33 - 8))) + 64 - 13.
46
What is the value of (182 - 164) + -9 - ((3 - 0) + 0 + 47)?
-41
Evaluate 22 + 83 + (-77 - -43).
71
Calculate -15 + 21 + (13 - (13 + 117 + -7)).
-104
Calculate -48 - (-2 - (3 + -3) - (7 + 16 + -31)).
-54
-1 + -1 + -6 + 4 - (-28 - (-21 + 38))
41
(-22 - (-57 + 36) - -30) + -8
21
Calculate 0 + 17 + (-9 - (-2 + -1)) + 17.
28
(25 - (-90 + 174)) + -45
-104
Calculate 7 + -72 - (23 + (-44 - 1)).
-43
Evaluate 848 + -847 - (-3 - -4 - 4 - (-3 + 0)).
1
What is the value of -14 + (60 + 2 - 34) - 1?
13
What is -2 - (2 - 6 - (11 + -29 + 17 + -3))?
-2
-1 - 16 - (-315 - -290) - 52
-44
What is the value of 37 - 57 - (-36 + 30)?
-14
What is (-80 - (74 + -45)) + 62?
-47
Calculate -911 + 916 - (-29 + 4).
30
What is 3 + 1 + -1 + (-2 - (4 - -1) - -55)?
51
Calculate -4 + 25 - (621 + -522).
-78
(-3699 - -3670) + 1 + 43 + (10 - 0)
25
Calculate (16 - 172) + 681 + -647.
-122
What is 10 - (-7 + -10 + (-3 - -22) + -6 - -81)?
-67
What is (76 - (-42 + 32)) + -89?
-3
(-154 + 94 - -164) + 24
128
Evaluate 0 + 1 + 4 + -71 + 22 + (6 - 5).
-43
Evaluate -24 + 17 + 62 - 92.
-37
What is the value of -78 - (0 - 7 - (-2 - -18))?
-55
-4 - -8 - (-4 + 2) - 87 - (43 - 46)
-78
(156 - 1) + -16 + (9 - -32) + -49
131
Calculate -21 - -16 - (8 - (22 + -3)) - 96.
-90
Evaluate 12712 + -12798 - (1 - 37).
-50
Evaluate -12 + -17 + 21 + (-13 - 1) - -153.
131
121 + -148 + (1 - -46)
20
Evaluate (-932 - -380 - -530) + (-17 - (-1 + 2)).
-40
What is the value of 7 + -5 - 16 - (-146 - -207)?
-75
Evaluate 68 + (-38 - (-26 + 33)).
23
What is the value of -64 - (-15 + 8) - -96?
39
(-150 - -148) + 2 + 9 + -3 - 5
1
(30 - 143) + 115 - (1 - -2)
-1
What is the value of (-22 - -10) + (-19 - (-2 - -1 - 8))?
-22
Calculate -77 + 12 - (-639 + 548).
26
Calculate -75 + (-51 - -86) + 1 + -1 + 0.
-40
30 - (-41 - -169 - 85)
-13
Evaluate -51 + -16 + -10 + (3 - -32).
-42
What is -2 + (-71 - -62) + (5 - (0 + 0))?
-6
What is the value of (16 - (31 - -38)) + 82?
29
89 + (-45 - (-24 - -28))
40
Calculate (7 - 4) + -4 - (9 - -5 - (12 - -52)).
49
What is 9 - (-13 - (-19 - (-28 - (-12 + 9))))?
28
What is -3 + -13 + 3 + 16 + (7 - (-27 + 56))?
-19
Evaluate -767 + 793 + (0 - 49).
-23
What is the value of -333 + 353 + (-2 - -15)?
33
What is 6 - 11 - 28 - (-244 - -180)?
31
Calculate (5 - (18 - 16) - 10) + 0 + -27.
-34
-12 - (81 - (58 + 0))
-35
What is the value of 28 + -18 - -1 - (-8 - (4 - 13))?
10
-114 - ((-83 - -68) + -85)
-14
(0 - (8 - 11)) + 1 + 23 - (178 - 184)
33
33 + 4 + -42 - 1
-6
Evaluate 34 + (-55 - (18 - -13)).
-52
Evaluate -21 - (-72 - -11 - (58 - 35) - -19).
44
What is (-41 - 225) + 82 + 95?
-89
What is (105 - (32 + 96)) + (-3 - 1)?
-27
(52 - 164 - -119) + 108
115
What is the value of 2 - 15 - (22 - (-29 + 39))?
-25
What is -5 + -1 - (-26 + 20 + 7)?
-7
What is 100 - (4 - 2 - 3) - (-222 - (-434 + 205))?
94
What is the value of (-7 - (1 - 33) - 43) + 97?
79
What is the value of -3580 + 3439 + 19 + (-2 + -2 - -8)?
-118
What is the value of 40 - 7 - -2 - (-21 + 20 + -3)?
39
What is the value of (4 - 83) + (0 - 1) - ((-9 - -13) + -14)?
-70
Calculate (-44 - 48) + 17 - -31.
-44
Calculate -51 + (269 - 278 - (-1 + -8)) + 8.
-43
What is (51 - 61) + -2 + -5 + (11 - 4 - 4)?
-14
What is the value of -3615 + 3582 + (73 - 1)?
39
Calculate (91 - 123) + (-1 - (7 - (-1 - 2))).
-43
(9 - 5) + -93 - ((-11 - 0) + 21 + -10)
-89
What is the value of 27 + (-9 - (26 - 20)) - 4?
8
48 + (9 - (-7 + 23)) - 4
37
Calculate -200 - -211 - (15 + 0) - (-3 - 0 - -13).
-14
What is the value of (-5255 - -5244) + (0 - -3)?
-8
Evaluate (-28 - (1 - (60 + (23 - 39)))) + -1 + 9.
23
75 + -95 + (66 - -3) + 0 + 5
54
45 - (-14 - (-9 - 13 - -9))
46
What is the value of 89 + -141 + 83 + (-1 - -7)?
37
What is -2743 + 2717 - (4 + -1 - -54)?
-83
-26 + 4 - (554 - 566 - (-18 - (-1 + 3)))
-30
What is the value of 199 - 264 - (26 + (14 - 13))?
-92
What is 71 + (-52 - 19) + (1 - 3 - -41) + 3?
42
Calculate -37 - (29 + -116) - 48.
2
Evaluate 57 - (12 - -15) - (62 + -14).
-18
What is the value of -4 + 2 + 6 + -4 + -10 + 67?
57
-6 + 1 - (10 - (-4 - (-17 + 4)) - 41)
35
Evaluate (-99 - (6 + -25)) + -101 + 62.
-119
What is (-3 + 14 + -15 - (26 + -23)) + -74 + -2?
-83
What is the value of 30 + (103 - 96) - 74?
-37
What is (127 - 112) + (-1 - 0) + -16 - -58?
56
What is 65 - (61 - (21 + -20))?
5
Evaluate 17 + (4 - (14 + (-25 - (16 - 31)))).
17
What is 77 + (-1 - (13 + 1 + 13))?
49
What is the value of (-1 + -2 - 5 - 13) + 70?
49
Calculate -24 - (-2 - (-5 - -14 - (-3 + 14))).
-24
What is the value of (-14640 - -14688) + -10 + (-1 - -2 - (2 + -1))?
38
Evaluate 69 + -90 + (11 + -3 - 22) + 14.
-21
What is the value of 22 + 20 + -31 + 27 + (3 - -9)?
50
-15 - (-8 - ((52 + 12 - 12) + 10))
55
What is (0 - 9) + -113 + (-349 - -373)?
-98
-184 - -264 - (24 + 60)
-4
What is the value of 26 - (2 + -6) - (-15 - (-5 - (-12 + 12)))?
40
Evaluate -10 + -51 + 13 - -86.
38
What is the value of 10 - (-22 + 2 + (-8 - 0) - 14)?
52
Evaluate -3 - (8 + 4 + -5 + (-20 - -7)).
3
Calculate -36 + (0 - -23) + 12 + -52.
-53
(-3358 - -3296) + (-2 - (13 - 3))
-74
What is the value of -34 + 83 + -1 - (-5 + -79)?
132
What is -90 - (19 - 146) - 125?
-88
What is -3 + -1 + (-52 - (-73 - -15)) + 1 + 1?
4
Evaluate 2 - 6 - (1251 + -1184).
-71
Evaluate 27 + (24 - 24) + -69.
-42
What is -59 - ((-12 - 1) + (-23 - 16 - -43) - -9)?
-59
11 + (-30 - -13) + 28 - -22
44
Calculate -10 + 8 + (44 + (43 - 117) - (1 + 13)).
-46
Evaluate 5 + -117 + 102 + (5 - 45).
-50
Evaluate (-1 - -4) + (-12 - (7 + -8 + 2)).
-10
(3